 112?
7
Calculate the highest common factor of 18 and 5526.
18
What is the greatest common divisor of 4 and 66?
2
Calculate the greatest common factor of 7 and 259.
7
Calculate the highest common factor of 76 and 8265.
19
What is the highest common factor of 560 and 20?
20
What is the greatest common divisor of 16 and 1016?
8
Calculate the highest common divisor of 135 and 95.
5
Calculate the greatest common factor of 1316 and 28.
28
Calculate the highest common divisor of 1633 and 71.
71
What is the highest common divisor of 2219 and 42?
7
Calculate the highest common divisor of 12 and 447.
3
Calculate the greatest common divisor of 429 and 26.
13
What is the greatest common divisor of 441 and 357?
21
Calculate the greatest common factor of 6276 and 12.
12
Calculate the greatest common factor of 48 and 84.
12
What is the highest common factor of 7 and 896?
7
What is the greatest common factor of 6205 and 1360?
85
What is the greatest common factor of 64 and 22528?
64
Calculate the highest common divisor of 32 and 30.
2
Calculate the highest common divisor of 529 and 23.
23
What is the highest common factor of 12 and 2184?
12
What is the highest common factor of 16 and 38912?
16
Calculate the highest common factor of 770 and 70.
70
Calculate the highest common factor of 79860 and 121.
121
What is the greatest common divisor of 1144 and 832?
104
What is the greatest common divisor of 9952 and 32?
32
What is the highest common factor of 10 and 49950?
10
What is the highest common factor of 872 and 8?
8
Calculate the greatest common divisor of 935 and 3179.
187
What is the highest common divisor of 70 and 2765?
35
What is the greatest common divisor of 3604 and 17?
17
Calculate the highest common factor of 78 and 91.
13
What is the greatest common divisor of 1161 and 215?
43
What is the highest common divisor of 38 and 3382?
38
What is the greatest common factor of 232 and 40?
8
What is the greatest common factor of 531 and 9?
9
Calculate the greatest common factor of 269 and 51379.
269
Calculate the greatest common divisor of 2023 and 238.
119
What is the greatest common divisor of 48 and 3144?
24
Calculate the greatest common divisor of 408 and 48.
24
Calculate the greatest common divisor of 3045 and 15.
15
What is the greatest common divisor of 528 and 66?
66
Calculate the highest common divisor of 1160 and 40.
40
Calculate the greatest common divisor of 14190 and 516.
258
Calculate the greatest common divisor of 31144 and 17.
17
What is the highest common factor of 6 and 6078?
6
Calculate the greatest common factor of 117 and 1053.
117
What is the highest common divisor of 378 and 270?
54
What is the greatest common factor of 54 and 1107?
27
Calculate the highest common divisor of 109 and 31501.
109
What is the greatest common factor of 243 and 9?
9
Calculate the greatest common factor of 595 and 70.
35
What is the highest common factor of 2640 and 33?
33
What is the greatest common divisor of 25 and 565?
5
What is the highest common factor of 1419 and 33?
33
Calculate the highest common divisor of 432 and 5400.
216
What is the greatest common divisor of 44 and 77?
11
Calculate the greatest common divisor of 1304 and 16.
8
Calculate the greatest common factor of 2132 and 13.
13
What is the greatest common factor of 25 and 2?
1
Calculate the greatest common factor of 5448 and 120.
24
Calculate the highest common divisor of 46179 and 63.
63
Calculate the highest common divisor of 559 and 129.
43
Calculate the greatest common divisor of 2356 and 76.
76
What is the highest common factor of 392 and 16?
8
Calculate the highest common divisor of 23 and 851.
23
Calculate the highest common divisor of 176 and 748.
44
Calculate the highest common divisor of 3 and 132.
3
What is the greatest common divisor of 1080 and 980?
20
Calculate the highest common divisor of 236 and 6667.
59
Calculate the highest common factor of 96 and 144.
48
Calculate the highest common factor of 693 and 189.
63
Calculate the highest common factor of 5 and 65.
5
What is the greatest common factor of 2800 and 304?
16
What is the greatest common factor of 330 and 1078?
22
What is the greatest common factor of 105 and 30?
15
What is the greatest common divisor of 216 and 48?
24
Calculate the highest common divisor of 10 and 16.
2
Calculate the highest common divisor of 7155 and 265.
265
What is the highest common divisor of 95 and 160740?
95
What is the highest common divisor of 20 and 5?
5
Calculate the highest common factor of 11 and 3850.
11
What is the highest common divisor of 20 and 290?
10
What is the highest common divisor of 144 and 27?
9
What is the highest common factor of 75 and 45?
15
What is the greatest common factor of 5 and 535?
5
Calculate the greatest common factor of 592 and 74.
74
Calculate the greatest common factor of 21 and 119.
7
What is the greatest common divisor of 214 and 1819?
107
What is the greatest common factor of 4 and 26?
2
What is the highest common divisor of 1991 and 275?
11
Calculate the highest common factor of 3161 and 2725.
109
What is the highest common divisor of 58 and 25723?
29
What is the highest common divisor of 240 and 1600?
80
What is the greatest common divisor of 2 and 26?
2
Calculate the highest common factor of 365 and 6497.
73
Calculate the greatest common factor of 1197 and 126.
63
Calculate the highest common factor of 11651 and 764.
191
Calculate the highest common divisor of 3888 and 1512.
216
What is the greatest common divisor of 40 and 5120?
40
What is the highest common factor of 1933 and 1?
1
Calculate the greatest common divisor of 8 and 12.
4
What is the greatest common factor of 8 and 104?
8
What is the highest common factor of 28 and 14?
14
Calculate the highest common factor of 799 and 141.
47
Calculate the highest common divisor of 1490 and 520.
10
Calculate the highest common factor of 2 and 37.
1
What is the greatest common factor of 19 and 551?
19
Calculate the highest common divisor of 6 and 38.
2
Calculate the greatest common divisor of 130 and 234.
26
What is the highest common divisor of 1517 and 41?
41
What is the highest common divisor of 1323 and 252?
63
What is the highest common factor of 589 and 31?
31
Calculate the greatest common factor of 18 and 9837.
9
What is the highest common divisor of 3150 and 420?
210
Calculate the greatest common factor of 22 and 176.
22
What is the greatest common factor of 369 and 1230?
123
What is the highest common divisor of 1961 and 37?
37
Calculate the greatest common factor of 270 and 15.
15
Calculate the greatest common factor of 464 and 174.
58
Calculate the highest common divisor of 189 and 4725.
189
Calculate the greatest common divisor of 3972 and 18.
6
What is the greatest common divisor of 1037 and 61?
61
Calculate the greatest common factor of 306 and 1989.
153
What is the greatest common factor of 12 and 60?
12
What is the greatest common factor of 14 and 63?
7
Calculate the greatest common factor of 33 and 275.
11
Calculate the highest common divisor of 2242 and 236.
118
What is the greatest common divisor of 2881 and 1?
1
What is the greatest common divisor of 224 and 40?
8
What is the highest common factor of 14 and 74?
2
What is the highest common divisor of 49536 and 43?
43
Calculate the greatest common divisor of 278 and 16541.
139
What is the greatest common divisor of 2110 and 70?
10
Calculate the highest common factor of 45 and 90.
45
What is the highest common factor of 30 and 1410?
30
Calculate the highest common factor of 4309 and 62.
31
What is the greatest common factor of 57 and 1007?
19
What is the highest common divisor of 13 and 3328?
13
What is the greatest common divisor of 6080 and 2240?
320
Calculate the highest common divisor of 1564 and 1088.
68
Calculate the highest common divisor of 29 and 551.
29
What is the highest common factor of 98 and 14?
14
Calculate the greatest common factor of 7708 and 376.
188
Calculate the highest common divisor of 4932 and 24.
12
Calculate the highest common factor of 115 and 17135.
115
What is the greatest common factor of 104 and 39?
13
Calculate the highest common factor of 18 and 2112.
6
Calculate the highest common factor of 1422 and 144.
18
What is the highest common factor of 1972 and 